{"id":67417,"date":"2025-07-15T16:24:37","date_gmt":"2025-07-15T14:24:37","guid":{"rendered":"http:\/\/beta.bgm-mannheim.de\/?page_id=67417"},"modified":"2025-08-27T11:52:11","modified_gmt":"2025-08-27T09:52:11","slug":"genossenschaft","status":"publish","type":"page","link":"https:\/\/bgm-mannheim.de\/?page_id=67417","title":{"rendered":"GENOSSENSCHAFT"},"content":{"rendered":"\t\t<div data-elementor-type=\"wp-page\" data-elementor-id=\"67417\" class=\"elementor elementor-67417\">\n\t\t\t\t\t\t<section class=\"elementor-section elementor-top-section elementor-element elementor-element-63e92cf1 elementor-section-stretched elementor-section-boxed elementor-section-height-default elementor-section-height-default text-reveal-no\" data-id=\"63e92cf1\" data-element_type=\"section\" data-settings=\"{&quot;background_background&quot;:&quot;classic&quot;,&quot;stretch_section&quot;:&quot;section-stretched&quot;}\">\n\t\t\t\t\t\t<div class=\"elementor-container elementor-column-gap-default\">\n\t\t\t\t\t<div class=\"elementor-column elementor-col-50 elementor-top-column elementor-element elementor-element-26e81d5c\" data-id=\"26e81d5c\" data-element_type=\"column\" data-settings=\"{&quot;background_background&quot;:&quot;classic&quot;}\">\n\t\t\t<div class=\"elementor-widget-wrap elementor-element-populated\">\n\t\t\t\t\t\t<div class=\"elementor-element elementor-element-83e192 cea-align-left elementor-widget__width-initial cea-mobile-align-left elementor-widget elementor-widget-ceasectiontitle\" data-id=\"83e192\" data-element_type=\"widget\" data-widget_type=\"ceasectiontitle.default\">\n\t\t\t\t<div class=\"elementor-widget-container\">\n\t\t\t\t\t<div class=\"section-title-wrapper\"><div class=\"title-wrap\"><h6 class=\"sub-title\"><span class=\"subtitle-dots \" >Blumengro\u00dfmarkt e.G. Mannheim<\/span><\/h6><h2 class=\"section-title none\" data-animation=\"none\">Eine starke <span class=\"title-suffix\">Gemeinschaft<\/span><\/h2><\/div><!-- .title-wrap --><div class=\"section-description\"><\/div><!-- .section-description --><\/div><!-- .section-title-wrapper -->\t\t\t\t<\/div>\n\t\t\t\t<\/div>\n\t\t\t\t<div class=\"elementor-element elementor-element-58c78460 cea-view-default elementor-widget elementor-widget-ceafeaturebox\" data-id=\"58c78460\" data-element_type=\"widget\" data-widget_type=\"ceafeaturebox.default\">\n\t\t\t\t<div class=\"elementor-widget-container feature-box-wrapper feature-box-default\">\n\t\t\t<div class=\"media\"><div class=\"media-icon-part\"><figure class=\"cea-feature-box-img\"><img decoding=\"async\" src=\"https:\/\/bgm-mannheim.de\/wp-content\/uploads\/elementor\/thumbs\/award-1-1-r4u5v4wzdtstai1rjkkx6cdqd2vzqjx1map99vqid0.png\" award award \/><\/figure><\/div><div class=\"media-body\"><h4 class=\"feature-box-title\">Nur gemeinsam ist man stark<\/h4><div class=\"fbox-content\">Die Blumengro\u00dfmarkt e.G. Mannheim ist eine Genossenschaft, deren Mitglieder gemeinsam ihre Waren t\u00e4glich frisch auf dem \"Marktplatz Blumengro\u00dfmarkt\" anbieten. Unsere Mitglieder haben den Anspruch, gemeinsam den Kunden ein umfassendes, optimales Vollsortiment zu bieten. Dabei konzentriert sich jedes Mitglied auf die Artikel, die es zum besten Preis, in der besten Qualit\u00e4t am besten erzeugen bzw. zuhandeln kann. Damit wird sichergestellt, dass sich die Kunden zu jeder Zeit mit den qualitativ besten Produkten, gegen\u00fcber Mitbewerbern, die andere Einkaufsquellen nutzen, positiv abheben k\u00f6nnen.<\/div><\/div><!-- .media-body --><\/div><!-- .media -->\t\t<\/div>\n\t\t\t\t<\/div>\n\t\t\t\t\t<\/div>\n\t\t<\/div>\n\t\t\t\t<div class=\"elementor-column elementor-col-50 elementor-top-column elementor-element elementor-element-32d4f4 bg-gradient elementor-hidden-mobile elementor-hidden-tablet\" data-id=\"32d4f4\" data-element_type=\"column\" data-settings=\"{&quot;background_background&quot;:&quot;classic&quot;}\">\n\t\t\t<div class=\"elementor-widget-wrap elementor-element-populated\">\n\t\t\t\t\t\t<div class=\"elementor-element elementor-element-46157484 elementor-hidden-mobile elementor-widget elementor-widget-image\" data-id=\"46157484\" data-element_type=\"widget\" data-widget_type=\"image.default\">\n\t\t\t\t<div class=\"elementor-widget-container\">\n\t\t\t\t\t\t\t\t\t\t\t\t\t\t\t<img decoding=\"async\" src=\"https:\/\/bgm-mannheim.de\/wp-content\/uploads\/elementor\/thumbs\/port-13-1-r4u5zc97v7osoqz7otmgkaoaqtjog8i03rk1ijm2qg.jpg\" title=\"port-13\" alt=\"port-13\" loading=\"lazy\" \/>\t\t\t\t\t\t\t\t\t\t\t\t\t\t\t<\/div>\n\t\t\t\t<\/div>\n\t\t\t\t\t<\/div>\n\t\t<\/div>\n\t\t\t\t\t<\/div>\n\t\t<\/section>\n\t\t<div class=\"elementor-element elementor-element-e929d0e e-flex e-con-boxed text-reveal-no e-con e-parent\" data-id=\"e929d0e\" data-element_type=\"container\">\n\t\t\t\t\t<div class=\"e-con-inner\">\n\t\t<div class=\"elementor-element elementor-element-1f25abf e-con-full e-flex text-reveal-no e-con e-child\" data-id=\"1f25abf\" data-element_type=\"container\">\n\t\t\t\t<div class=\"elementor-element elementor-element-45be1e1 cea-view-default elementor-widget elementor-widget-ceafeaturebox\" data-id=\"45be1e1\" data-element_type=\"widget\" data-widget_type=\"ceafeaturebox.default\">\n\t\t\t\t<div class=\"elementor-widget-container feature-box-wrapper feature-box-default\">\n\t\t\t<div class=\"media\"><div class=\"media-icon-part\"><figure class=\"cea-feature-box-img\"><img decoding=\"async\" src=\"https:\/\/bgm-mannheim.de\/wp-content\/uploads\/elementor\/thumbs\/shovels-1-1-r4u5y9pm5y37zphx8xc5hjx1nbg1e8cu1sziv339mc.png\" shovels-1 shovels-1 \/><\/figure><\/div><div class=\"media-body\"><h4 class=\"feature-box-title\">Die Leitung der Genossenschaft erfolgt durch den Vorstand, unterst\u00fctzt durch den Aufsichtsrat.<\/h4><\/div><!-- .media-body --><\/div><!-- .media -->\t\t<\/div>\n\t\t\t\t<\/div>\n\t\t\t\t<\/div>\n\t\t\t\t\t<\/div>\n\t\t\t\t<\/div>\n\t\t<div class=\"elementor-element elementor-element-119b8b6 e-flex e-con-boxed text-reveal-no e-con e-parent\" data-id=\"119b8b6\" data-element_type=\"container\">\n\t\t\t\t\t<div class=\"e-con-inner\">\n\t\t<div class=\"elementor-element elementor-element-f729dc8 e-con-full e-flex text-reveal-no e-con e-child\" data-id=\"f729dc8\" data-element_type=\"container\">\n\t\t\t\t<div class=\"elementor-element elementor-element-1424726 elementor-widget elementor-widget-text-editor\" data-id=\"1424726\" data-element_type=\"widget\" data-widget_type=\"text-editor.default\">\n\t\t\t\t<div class=\"elementor-widget-container\">\n\t\t\t\t\t\t\t\t\t<header><h4>Vorstand<\/h4><\/header><p><strong>Vorstandsvorsitzender<\/strong><br \/>Dennis Reitz<\/p><p><strong>Stellvertretender Vorsitzender<\/strong><br \/>S\u00f6ren Offenloch<\/p><p><strong>Gesch\u00e4ftsf\u00fchrendes Vorstandsmitglied<\/strong><br \/>Hans-Georg Biller<\/p>\t\t\t\t\t\t\t\t<\/div>\n\t\t\t\t<\/div>\n\t\t\t\t<\/div>\n\t\t<div class=\"elementor-element elementor-element-a427d03 e-con-full e-flex text-reveal-no e-con e-child\" data-id=\"a427d03\" data-element_type=\"container\">\n\t\t\t\t<div class=\"elementor-element elementor-element-5ba0ed1 elementor-widget elementor-widget-text-editor\" data-id=\"5ba0ed1\" data-element_type=\"widget\" data-widget_type=\"text-editor.default\">\n\t\t\t\t<div class=\"elementor-widget-container\">\n\t\t\t\t\t\t\t\t\t<header><h4>Aufsichtsrat<\/h4><\/header><p><strong>Aufsichtsratsvorsitzender<\/strong><br \/>Harald Waibel<\/p><p><strong>Stellvertretender Aufsichtsratsvorsitzender<\/strong><br \/>Tobias Schehlmann<\/p><p><strong>Aufsichtsr\u00e4te<\/strong><br \/>J\u00fcrgen Gerlach<br \/>Burkhard Beier<br \/>Frank L\u00fcll<br \/>Peter Schwahn<\/p>\t\t\t\t\t\t\t\t<\/div>\n\t\t\t\t<\/div>\n\t\t\t\t<\/div>\n\t\t\t\t\t<\/div>\n\t\t\t\t<\/div>\n\t\t\t\t<\/div>\n\t\t","protected":false},"excerpt":{"rendered":"<p>Blumengro\u00dfmarkt e.G. Mannheim Eine starke Gemeinschaft Nur gemeinsam ist man stark Die Blumengro\u00dfmarkt e.G. Mannheim ist eine Genossenschaft, deren Mitglieder gemeinsam ihre Waren t\u00e4glich frisch auf dem &#8220;Marktplatz Blumengro\u00dfmarkt&#8221;..<\/p>\n","protected":false},"author":1,"featured_media":0,"parent":0,"menu_order":0,"comment_status":"closed","ping_status":"closed","template":"","meta":{"footnotes":""},"class_list":["post-67417","page","type-page","status-publish","hentry"],"_links":{"self":[{"href":"https:\/\/bgm-mannheim.de\/index.php?rest_route=\/wp\/v2\/pages\/67417","targetHints":{"allow":["GET"]}}],"collection":[{"href":"https:\/\/bgm-mannheim.de\/index.php?rest_route=\/wp\/v2\/pages"}],"about":[{"href":"https:\/\/bgm-mannheim.de\/index.php?rest_route=\/wp\/v2\/types\/page"}],"author":[{"embeddable":true,"href":"https:\/\/bgm-mannheim.de\/index.php?rest_route=\/wp\/v2\/users\/1"}],"replies":[{"embeddable":true,"href":"https:\/\/bgm-mannheim.de\/index.php?rest_route=%2Fwp%2Fv2%2Fcomments&post=67417"}],"version-history":[{"count":10,"href":"https:\/\/bgm-mannheim.de\/index.php?rest_route=\/wp\/v2\/pages\/67417\/revisions"}],"predecessor-version":[{"id":67773,"href":"https:\/\/bgm-mannheim.de\/index.php?rest_route=\/wp\/v2\/pages\/67417\/revisions\/67773"}],"wp:attachment":[{"href":"https:\/\/bgm-mannheim.de\/index.php?rest_route=%2Fwp%2Fv2%2Fmedia&parent=67417"}],"curies":[{"name":"wp","href":"https:\/\/api.w.org\/{rel}","templated":true}]}}